ppose 4*b + 46 - 166 = 0. Let m = 0 - -56. Suppose -3*u + 16 = -4*r, -4*r = -u + 4*u - m. What is the remainder when b is divided by u?
6
Let d(p) = -19*p**2 + 193*p - 6. Let f(t) = -t**3 + 15*t**2 - 12*t - 18. Let u be f(14). Calculate the remainder when 189 is divided by d(u).
21
Let v(p) = 6*p + 100. Let l be v(-19). Let h(j) = -10*j - 96. What is the remainder when h(l) is divided by 12?
8
Calculate the remainder when 4079 is divided by (-3 - -5)/(8/269) + 12/16.
67
Suppose -4*g + 3*g = -h + 30, -5*h + 156 = g. Suppose 3*b = -3*p + h + 209, 104 = p - 5*b. What is the remainder when 248 is divided by p?
80
Let y(i) = 3*i**2 - 23*i + 14. Let c be y(10). Suppose 12*t + c = 14*t. Calculate the remainder when t is divided by 16.
10
Suppose -584*l = -599*l + 9420. Suppose 0 = -m - 4*o + 86, o - 226 = -3*m - 3*o. Calculate the remainder when l is divided by m.
68
Let o be 75/(-50) - (-14)/4. What is the remainder when 60 is divided by 1/(2/(64/o))?
12
Let j = -2440 - -2457. What is the remainder when 3331 is divided by j?
16
Let f(q) = 2*q**3 + 38*q**2 - 690*q + 50. Calculate the remainder when f(13) is divided by 946.
4
Let x = 17419 + -14535. Calculate the remainder when x is divided by 13.
11
Let s(h) = 2*h**3 + 17*h**2 + 10*h - 17. Let l be s(-8). Let o be (-8)/2*(-1)/2. What is the remainder when 134 is divided by (-18)/(-4)*(-55)/l*o?
14
Let t(p) = -p**2 + 7*p - 26. Let b be t(5). Let u = -8 - b. Calculate the remainder when 11 is divided by u.
3
Suppose -32062 = -2277*z + 2254*z. Calculate the remainder when z is divided by 463.
5
Calculate the remainder when ((-104)/5 + 0)*540/(-216) is divided by 6.
4
Let z(t) = t**2 + 5*t - 4. Let k be z(-6). Suppose -5*q = -0*b + 5*b - 735, q - 294 = -k*b. Calculate the remainder when b is divided by 38.
33
Suppose -33*g + 44*g = 44. Suppose 93 = g*d - 7*n + 8*n, -5*d - n + 116 = 0. What is the remainder when 66 is divided by d?
20
Suppose -b + 2*o + 58 = 3*b, -3*o + 9 = 0. Let i be ((-860)/(-387))/(2/9). Suppose -b*x = -17*x + i. Calculate the remainder when 37 is divided by x.
7
Let h be (1050/700)/((-6)/(-4) + (0 - 1)). Let g = 2 - 2. Suppose g = -n + h*a + 2 + 1, 4 = 2*a. Calculate the remainder when 16 is divided by n.
7
Suppose -9*l = -14 - 22. Calculate the remainder when 49 is divided by (-42)/l*(0 - (-20)/(-6)).
14
Let p(q) = q**3 - 2*q**2 + 20*q - 30. Suppose 16 = -d + 2*d. What is the remainder when 5*d/2 + -2 is divided by p(2)?
8
Let l = 423 - 293. What is the remainder when 299 is divided by l?
39
Suppose r + 3*r = 2*s - 2, r - 12 = -2*s. Suppose 0 = w + 3, 3*v - w - 38 = -r. What is the remainder when 13 is divided by v?
2
Let s = 2166 - 2085. Calculate the remainder when 255 is divided by s.
12
Suppose 0 = 231*l - 236*l - 25. Let v = -10 - -43. What is the remainder when v is divided by (-98)/(-245) - 63/l?
7
Let r = 8 - 6. Suppose 0 = r*m - 0*m - 160. Let d = -45096 - -45137. Calculate the remainder when m is divided by d.
39
Let c(s) = 10*s - 25. Suppose -4*n - 16 = r, -2*r + n - 1 = -r. Let f be c(r). Let h = f + 75. Calculate the remainder when 27 is divided by h.
7
Let i = 7469 + -7296. Calculate the remainder when i is divided by 69.
35
Let n = -146 + 330. Let f = n - 171. What is the remainder when 47 is divided by f?
8
Suppose -4*o + 546 = 3*v, 0*o = 4*v - o - 747. Suppose 183*j = v*j - 114. What is the remainder when (-5)/(-15) - (-987)/9 is divided by j?
34
Suppose -2*d = 4*d + 6786. What is the remainder when 8/3*d/(-58) is divided by 19?
14
Let c(l) = -l**3 - l**2 + 9*l + 4. Let k = -30 - -26. Calculate the remainder when c(k) is divided by 3.
1
Let j(h) = 2*h**2 + 5*h - 22. Let v be j(5). Let t = v + 20. What is the remainder when t is divided by 20?
13
Suppose 9*u - 3*u + 24233 = 17*u. What is the remainder when u is divided by 116?
115
Suppose -14*a + 106*a - 1296 = 44*a. Calculate the remainder when 2020 is divided by a.
22
Let m(j) = 2*j - 25. Suppose 0*f - 28 = -2*f. Let w be m(f). Suppose -2*h + 135 = w*h. Calculate the remainder when h is divided by 14.
13
Suppose 16*u = 101 + 15451. Calculate the remainder when u is divided by 169.
127
Suppose -82029 = 2*k - 82695. Calculate the remainder when k is divided by 116.
101
Suppose 0 = 3*i - 4*b + 2, 4*i - 15 = -i + 3*b. Suppose 29*s - 11165 = -i*s. What is the remainder when s is divided by 17?
13
Suppose -m - 5*p + 11 = 1, 6 = 3*p. Suppose m = 9*o - 1605 + 39. What is the remainder when o is divided by 16?
14
Let a be ((-5365 + -2)*1)/(81/(-54)). Suppose a = 16*q + 58. What is the remainder when q is divided by 32?
28
Let x(o) = o**2 - 6*o + 6. Let f be x(6). Suppose -3*u + 5 = 3*w - 5*w, 0 = 2*w + 5*u - 35. What is the remainder when w is divided by 4/f*(-12)/(-2)?
1
Let b(r) = -2*r**3 - 7*r**2 - 10*r - 1. Let v be (0 - 10)*1 - (47 - 52). Calculate the remainder when b(v) is divided by 9.
7
Suppose -8*a = a. Suppose a*p + 4 = p. Suppose p*x - 2*h - 184 = 0, 2*x = h - 6*h + 80. Calculate the remainder when x is divided by 12.
9
Let o(k) = 2*k**3 + 9*k**2 - 12*k - 10. Let q be o(-9). Let r = 639 + q. Calculate the remainder when 20 is divided by r.
4
Let o(i) = -31*i + 344. What is the remainder when o(9) is divided by 3?
2
Suppose -29 = -5*j + 41. Suppose -5*f + 2578 = 4*b, 0 = -4*f + b + 2*b + 2081. Suppose 9*s + 32 - f = 0. Calculate the remainder when s is divided by j.
12
Suppose v - 1552 - 481 = 0. Suppose 308 = 3*y + v. Calculate the remainder when ((-20)/(-25))/((-5)/y) is divided by 19.
16
Let i(n) = 12*n**3 + 2*n**2 + 2*n. Let u be i(-2). Let b = 114 + u. What is the remainder when 87 is divided by b?
21
Let k be -2 - (0 + (-3 - (-6)/(-3))). Suppose -502 = -5*b - k*l, 107 - 5 = b + l. Calculate the remainder when b is divided by 9.
8
Suppose 4*a - 127 = -43. Suppose a*r + 12 = 15*r. What is the remainder when 53 is divided by (-130)/(-18) + r - 24/108?
3
Let o(d) = d**3 + 6*d**2 - 12*d - 39. Let v be o(-7). What is the remainder when 144 is divided by (v - -4) + 4 + 2 + 31?
33
Let y = 4313 - 2542. Calculate the remainder when (-2)/(-5) - y/(-35) is divided by 4.
3
Let s = -219 + 439. Let c be (-3)/((-15)/2)*s. Suppose 6*t - 3*w - c = t, 0 = 2*t + w - 33. Calculate the remainder when 32 is divided by t.
15
What is the remainder when 2/1*-1 - -424 is divided by (-825)/330*(-2)/((-20)/(-6))*424/6?
104
Suppose w - 163 = 5*n, 2*n = 2711*w - 2710*w - 181. What is the remainder when 746 is divided by w?
167
Let y(m) = -2*m**3 - 9*m**2 - 3*m. Suppose 5*p = v - 27, -2*p + 135 = 5*v + 3*p. Calculate the remainder when y(-5) is divided by v.
13
Suppose 4*d - 20 = 2*d - 2*r, -3*r + 40 = 5*d. Suppose 3*h - 343 = -2*x, -d*h = 3*x - 342 - 228. Calculate the remainder when h is divided by 42.
27
Suppose 0 = 3*j - 62 - 25. Suppose -2*t + 158 = -3*v, -4*t + 312 = -3*v - 16. Suppose 128*i - t = 127*i. What is the remainder when i is divided by j?
27
Let n = 4619 + -2623. Calculate the remainder when n is divided by 33.
16
Let b = 13 + 42. Suppose 0 = -5*s + 2*g + b, 6*s - 2*s - 44 = 2*g. Suppose 2*t + s - 40 = h, 0 = 5*t - 5*h - 70. What is the remainder when 43 is divided by t?
13
Suppose -8147 = -160*h + 18605 - 4352. Calculate the remainder when 799 is divided by h.
99
Suppose 4*r - 1021 = -237. Calculate the remainder when 750 is divided by r.
162
Suppose 0 = -3*q - c + 4836, -31*q - 19*c + 49956 = -14*c. What is the remainder when q is divided by 802?
7
Suppose -5*b - w = -864, -b + 2*w + 508 = 2*b. Let f = 19 + b. Calculate the remainder when f is divided by 99.
92
Suppose 5*c - c - 4 = 0. Suppose 42*b - 93 = -62 + 641. What is the remainder when b is divided by c?
0
Let x = 155 + -85. Let m(r) = -r + 191. Let z be m(6). Let p = 197 - z. Calculate the remainder when x is divided by p.
10
Suppose 0 = 4*h - 3*c - 73, -4*c = -2*h - 5*c + 29. Calculate the remainder when 72/(-21)*(-280)/h is divided by 18.
6
Suppose 5*f - 189 = 126. Calculate the remainder when 57 is divided by 2/7 - (-990)/f.
9
Let c(p) = 24 + 0*p**3 - 6 - p**3 + 18*p**2 - 17*p + 0*p**3. Calculate the remainder when 29 is divided by c(17).
11
Let s = -50 - -213. Let z = 185812 + -185770. What is the remainder when s is divided by z?
37
Let u(g) be the first derivative of -27*g**2/2 - 40*g - 89. What is the remainder when u(-2) is divided by 12?
2
Let s be